at is 2147b2 (base 12) in base 15?
a5ebe
431052 (base 10) to base 13
12127b
What is -189a (base 13) in base 9?
-5034
-526a9 (base 12) to base 14
-2b597
-6644411 (base 7) to base 2
-11000111101011111100
Convert 1101011100111000001 (base 2) to base 8.
1534701
What is -5986710 (base 10) in base 7?
-101612652
Convert -221132201 (base 4) to base 16.
-297a1
What is -1b80d0 (base 15) in base 14?
-26d845
-30332132 (base 4) to base 3
-2200220112
41c0e (base 15) to base 12
a0865
10111010011111011011 (base 2) to base 13
2098c0
-8827220 (base 9) to base 4
-102011302311
166111 (base 10) to base 16
288df
What is 3a358 (base 12) in base 8?
234164
-5441464 (base 9) to base 7
-33553216
629372 (base 11) to base 7
11365542
-228385 (base 9) to base 14
-380c4
What is 827d2 (base 14) in base 13?
b0126
What is 603453 (base 10) in base 12?
251279
What is -500474 (base 8) in base 7?
-1252406
-2713347 (base 8) to base 5
-143301102
-200134333 (base 5) to base 11
-498192
Convert 1211110211 (base 3) to base 15.
aa47
What is -202102111002011 (base 3) in base 8?
-51320724
What is 1627348 (base 9) in base 16?
dcc37
What is -410300110 (base 5) in base 14?
-30d474
-32232150 (base 6) to base 4
-3220223202
Convert 11000111100111001 (base 2) to base 11.
6a870
What is 17274406 (base 8) in base 15?
548a38
Convert 3184366 (base 12) to base 2.
100011110010000011111110
Convert -11022212111012 (base 3) to base 10.
-2300351
2a9c07 (base 16) to base 3
12020212112021
-2b341c (base 16) to base 7
-33031530
What is -bb7 (base 13) in base 8?
-3731
What is -9a315 (base 14) in base 9?
-628663
a162305 (base 11) to base 8
104424661
Convert -309b05 (base 14) to base 13.
-455812
1013004 (base 5) to base 3
211210220
53781 (base 11) to base 3
10222011212
73a914 (base 11) to base 12
4921ba
Convert 639cce (base 15) to base 4.
102011210102
-22022222200210 (base 3) to base 14
-833c21
Convert 670367 (base 10) to base 11.
418725
Convert 231505032 (base 6) to base 11.
246798a
Convert a7a496 (base 11) to base 9.
3221763
Convert 222d1 (base 14) to base 10.
82895
-100100112010 (base 3) to base 7
-1364463
Convert 5cd3 (base 16) to base 10.
23763
Convert 473301 (base 10) to base 14.
c46b3
6238a24 (base 11) to base 9
22636125
Convert -b045 (base 13) to base 8.
-57240
What is 132211055 (base 6) in base 4?
22002003023
What is -1101110111100110 (base 2) in base 5?
-3304211
What is 142143 (base 6) in base 11?
a122
Convert -3601100 (base 7) to base 5.
-104013211
Convert -a70879 (base 15) to base 14.
-10ad35d
402565 (base 7) to base 2
10000101001101110
What is -30231301313 (base 4) in base 9?
-6240308
a35617 (base 11) to base 14
3138a4
Convert -3265534 (base 9) to base 5.
-422141433
Convert 1930306 (base 12) to base 4.
110023002312
-66610 (base 12) to base 8
-410754
Convert -1001212102 (base 3) to base 13.
-976a
What is 11120321012 (base 4) in base 15?
1cd888
-d607a (base 15) to base 3
-1021110201021
Convert 111200202 (base 3) to base 7.
41051
e1480 (base 16) to base 7
10562145
d040 (base 15) to base 9
66236
What is 3287276 (base 10) in base 3?
20012000021222
Convert 10000100010001111111 (base 2) to base 15.
aa818
Convert 41ca53 (base 16) to base 14.
80341d
Convert 422266 (base 7) to base 16.
11c9e
What is -1d425 (base 15) in base 5?
-11023220
Convert 1000111111001011001000 (base 2) to base 14.
4547d6
b5212 (base 12) to base 9
401135
What is 501088 (base 11) in base 5?
201303212
Convert 4103126 (base 8) to base 15.
165d2b
What is 3051624 (base 7) in base 9?
616460
-455604 (base 7) to base 9
-133403
Convert -3f7634 (base 16) to base 4.
-33313120310
What is -36556641 (base 8) in base 9?
-16132400
What is -1381665 (base 9) in base 12?
-309212
What is 92028 (base 10) in base 14?
25776
What is -14458c (base 15) in base 3?
-1211121200120
-362702 (base 10) to base 6
-11435102
What is -11111100001001101 (base 2) in base 13?
-469bb
-46613454 (base 7) to base 2
-1111101010000101111101
What is -12a4891 (base 11) in base 15?
-2e5945
What is -d22d (base 14) in base 10?
-36105
What is -39b00 (base 12) in base 6?
-1411200
308563 (base 11) to base 6
14333123
What is 2465125 (base 8) in base 3?
1021200022210
What is 2002101222120 (base 3) in base 6?
35444023
3356323 (base 8) to base 6
31250003
7440212 (base 9) to base 7
45565241
What is -21314343 (base 6) in base 4?
-2122111113
232489 (base 13) to base 16
cb7ac
-1004033111 (base 5) to base 12
-81392a
503170a (base 11) to base 14
127ac20
-100010000010101000 (base 2) to base 3
-21002021011
Convert 4240432420 (base 5) to base 15.
bb33c5
-4232211 (base 5) to base 12
-3506b
Convert 28c69 (base 14) to base 16.
18b6d
-c863a (base 14) to base 12
-1b4238
Convert -157612 (base 9) to base 16.
-17cae
What is b8bba (base 12) in base 8?
733676
What is -7077a (base 15) in base 11?
-223576
-245412513 (base 6) to base 13
-ca1b74
Convert -14500511 (base 6) to base 16.
-7b71b
-311541153 (base 6) to base 13
-1175478
What is 2041032440 (base 5) in base 9?
7866485
What is 1022123321 (base 4) in base 12?
128535
-312111320 (base 4) to base 12
-a8988
11a94 (base 13) to base 10
32569
Convert -3744520 (base 8) to base 11.
-647324
-321c45 (base 14) to base 16
-19dee5
What is -201222020220120 (base 3) in base 11?
-5a9a64a
245a00 (base 11) to base 12
168a17
-321334003 (base 5) to base 2
-101001010111011101111
Convert 2a531 (base 11) to base 13.
168a6
What is -334210 (base 8) in base 14?
-2d156
Convert 202012320 (base 4) to base 3.
21002122020
43412210 (base 5) to base 3
200221101121
7b0628 (base 12) to base 8
7411200
24052440 (base 7) to base 5
1021134342
Convert -1251105 (base 10) to base 7.
-13430352
-3814232 (base 9) to base 12
-84173b
312240324 (base 5) to base 7
13652123
What is -456294 (base 16) in base 14?
-865216
What is 14430605 (base 7) in base 4?
11032030211
What is 2013012100 (base 4) in base 6?
15505504
What is 6a39463 (base 11) in base 12?
414bb23
-111301010 (base 4) to base 8
-256104
What is -1415011 (base 10) in base 9?
-2586024
-5052032 (base 6) to base 11
-154525
What is -4d638 (base 14) in base 10?
-190562
-146107 (base 9) to base 15
-1b8da
-84f14 (base 16) to base 6
-15400552
What is 202501453 (base 6) in base 14?
66c757
Convert 22201010021112 (base 3) to base 14.
88679d
What is -80863 (base 11) in base 3?
-20000002111
What is -538298 (base 13) in base 6?
-110002535
Convert 1357164 (base 8) to base 2.
1011101111001110100
Convert 271660 (base 10) to base 3.
111210122111
Convert -654 (base 7) to base 2.
-101001101
-1f8bf (base 16) to base 11
-89099
2d6f7 (base 16) to base 3
100110021201
What is -2b1bb6 (base 13) in base 4?
-10003001202
What is 5a10a36 (base 11) in base 5?
10140443310
What is -7ad3d (base 16) in base 11?
-313a95
-20222020001 (base 3) to base 13
-4a5c0
12123311 (base 5) to base 7
653651
Convert -3b879 (base 13) to base 5.
-12030202
What is 110110111111011001110 (base 2) in base 6?
102342142
What is -133311100012 (base 4) in base 11?
-478a454
Convert b80744 (base 13) to base 10.
4313950
What is 22122121101 (base 3) in base 16?
2993b
What is -101020311031 (base 4) in base 5?
-2122230441
Convert -362df6 (base 16) to base 8.
-15426766
223491 (base 11) to base 16
56e79
138999 (base 13) to base 5
110214244
49152c (base 15) to base 13
956034
-9148460 (base 10) to base 9
-18183285
Convert -2798640 (base 10) to base 9.
-5235010
338c19 (base 13) to base 7
13235325
22436241 (base 8) to base 9
10134701
1132030031 (base 4) to base 16
5e30d
Convert -6373c3 (base 14) to base 4.
-30310311233
What is -1110111100110001101 (base 2) in base 5?
-111133434
41a1b (base 13) to base 5
12240110
What is -144446 (base 7) in base 13?
-c99b
-381cc (base 16) to base 7
-1645035
-45a4a4 (base 15) to base 8
-14536765
Convert -100100010100111011011 (base 2) to base 9.
-2213775
a4a87 (base 13) to base 6
10203143
-4122001 (base 5) to base 3
-10102002011
122220122112112 (base 3) to base 9
18818475
What is -a3c5 (base 15) in base 3?
-1202110212
-2331a4 (base 12) to base 14
-10a044
What is 27a50 (base 16) in base 9?
266666
Convert -ade20 (base 15) to base 8.
-2070531
What is 1a6aa (base 14) in base 10?
67182
What is -121120020022011 (base 3) in base 16?
-86524f
What is -21545 (base 11) in base 5?
-2000032
-2925 (base 11) to base 7
-14005
-20506 (base 13) to base 9
-87464
Convert -2577830 (base 12) to base 9.
-1478000